e number?
True
Is 439931 prime?
False
Is 4275287 prime?
True
Is 7204727 composite?
True
Is 13600757 composite?
False
Is 9165199 composite?
False
Is 18830573 a composite number?
False
Is 51271615 a prime number?
False
Is 3073181 prime?
True
Is 114642443 composite?
True
Is 2083511 composite?
False
Is 17037343 prime?
True
Is 484543 composite?
False
Is 372971 a prime number?
True
Is 26547578 a prime number?
False
Is 12226807 prime?
True
Is 190283953 prime?
False
Is 95797 prime?
False
Is 2375689 composite?
True
Is 32329 a prime number?
False
Is 343019 prime?
True
Is 47625233 composite?
True
Is 46104599 composite?
True
Is 2228396903 a prime number?
True
Is 38527411 a prime number?
False
Is 42115919 composite?
True
Is 360433 a composite number?
True
Is 1000063 a composite number?
True
Is 26109371 composite?
True
Is 32991317 prime?
True
Is 17408683 prime?
True
Is 1539215 composite?
True
Is 3381089 prime?
True
Is 35618146 a prime number?
False
Is 18077077 composite?
False
Is 27202297 a composite number?
False
Is 3121561 a prime number?
True
Is 16282823 a composite number?
False
Is 12280353 a prime number?
False
Is 1444319 a prime number?
False
Is 4631219 composite?
True
Is 3631703 a prime number?
True
Is 91924957 a composite number?
True
Is 7324622 a composite number?
True
Is 546109 a composite number?
False
Is 1493887 composite?
True
Is 52097711 composite?
True
Is 78800377 prime?
True
Is 2299231 a composite number?
True
Is 24822631 prime?
True
Is 6467243 prime?
False
Is 18065591 a composite number?
True
Is 14237599 composite?
False
Is 2888261 a composite number?
True
Is 9115451 a composite number?
True
Is 237726707 composite?
False
Is 155873699 a prime number?
True
Is 8341791 a prime number?
False
Is 27881027 a composite number?
False
Is 26243501 prime?
False
Is 125541649 a composite number?
False
Is 978829 prime?
False
Is 10326013 a prime number?
True
Is 11199967 a composite number?
False
Is 733163 a composite number?
True
Is 2767871 a prime number?
True
Is 21324423 composite?
True
Is 305588431 composite?
False
Is 2430047 a prime number?
True
Is 34653797 composite?
True
Is 18546787 prime?
False
Is 11702387 a prime number?
False
Is 4009909 a prime number?
False
Is 169220939 a prime number?
False
Is 246580793 composite?
True
Is 43864921 a prime number?
True
Is 772223 prime?
False
Is 569455 a composite number?
True
Is 80354827 a prime number?
False
Is 140996917 composite?
False
Is 151017023 a composite number?
False
Is 12562213 composite?
True
Is 897931 a prime number?
True
Is 6460591 a prime number?
False
Is 23302313 a composite number?
False
Is 4824627 a prime number?
False
Is 97389233 composite?
True
Is 502318927 composite?
True
Is 643273 prime?
True
Is 66656087 composite?
False
Is 13877953 a prime number?
False
Is 95267951 a composite number?
False
Is 334035511 a composite number?
True
Is 39265643 prime?
False
Is 20044877 a composite number?
True
Is 542088419 composite?
False
Is 144256709 a composite number?
False
Is 3014197 prime?
False
Is 20698247 composite?
True
Is 4220893 prime?
True
Is 216311657 a composite number?
True
Is 12390361 a prime number?
False
Is 7777982 a prime number?
False
Is 3193529 a prime number?
False
Is 1628191 composite?
False
Is 445831 a prime number?
False
Is 79076647 composite?
True
Is 32928751 composite?
False
Is 30591479 composite?
False
Is 384195899 a prime number?
True
Is 17650923 composite?
True
Is 48671083 composite?
False
Is 432580286 composite?
True
Is 170834507 prime?
True
Is 1044583 composite?
False
Is 4591 a composite number?
False
Is 59113 prime?
True
Is 3211279 a prime number?
True
Is 5160037 composite?
False
Is 7715 a composite number?
True
Is 12345821 composite?
True
Is 393227 composite?
True
Is 2120641 composite?
True
Is 10165367 a prime number?
False
Is 28185637 composite?
True
Is 3598723 composite?
False
Is 86296211 a composite number?
False
Is 225875219 a prime number?
True
Is 3213127 composite?
False
Is 265137 a composite number?
True
Is 905005 a composite number?
True
Is 616856431 a composite number?
False
Is 2116949 composite?
False
Is 34501087 a prime number?
True
Is 6587863 prime?
True
Is 1833533 composite?
True
Is 18897173 a composite number?
False
Is 15397491 a composite number?
True
Is 179161 prime?
True
Is 7387661 prime?
True
Is 30658573 a prime number?
False
Is 13321699 a composite number?
False
Is 5510107 a prime number?
False
Is 6658901 prime?
False
Is 4485245 composite?
True
Is 5514029 a composite number?
True
Is 68671657 prime?
True
Is 204522623 composite?
True
Is 2702179 a composite number?
True
Is 32536477 composite?
False
Is 578897 composite?
True
Is 6278267 prime?
True
Is 118197641 a prime number?
False
Is 8463979 a composite number?
False
Is 15120031 a prime number?
True
Is 13467899 a prime number?
True
Is 5981939 a prime number?
True
Is 14017771 a composite number?
True
Is 5392627 a composite number?
False
Is 297816677 a prime number?
True
Is 285529901 a composite number?
False
Is 4016791 composite?
False
Is 146475851 prime?
True
Is 29033 composite?
False
Is 23321939 prime?
True
Is 5641189 a composite number?
False
Is 1267381 prime?
True
Is 95595761 composite?
False
Is 11949767 a prime number?
True
Is 104876147 a composite number?
False
Is 11127577 prime?
False
Is 132891431 a composite number?
True
Is 782141 composite?
False
Is 44968849 prime?
False
Is 426845207 prime?
False
Is 14784149 a prime number?
False
Is 16766927 composite?
False
Is 3708241 a prime number?
True
Is 6466037 composite?
False
Is 6712631 prime?
True
Is 4493837 a prime number?
True
Is 8950813 composite?
False
Is 4292963 composite?
False
Is 11257891 composite?
False
Is 59918459 a prime number?
True
Is 67497809 a prime number?
True
Is 979799 a composite number?
True
Is 31381939 a prime number?
False
Is 30765203 a composite number?
True
Is 4327 prime?
True
Is 8781329 prime?
False
Is 4801009 a composite number?
True
Is 13784117 a prime number?
True
Is 55970797 a prime number?
True
Is 2526463 composite?
False
Is 7345451 composite?
False
Is 3505507 composite?
True
Is 20520457 prime?
False
Is 48172757 a composite number?
False
Is 37269145 a prime number?
False
Is 90983 prime?
False
Is 27134999 a composite number?
True
Is 3669487 a prime number?
True
Is 6632519 a prime number?
True
Is 609631819 composite?
False
Is 1528003 composite?
True
Is 10709399 a composite number?
False
Is 1012031 composite?
False
Is 6409217 a composite number?
False
Is 3382471 composite?
True
Is 48448729 a composite number?
True
Is 41212687 prime?
False
Is 13899619 a prime number?
False
Is 10019353 prime?
False
Is 438674663 a prime number?
False
Is 58987 a prime number?
False
Is 1938701 composite?
False
Is 391952053 a composite number?
False
Is 15010261 a prime number?
False
Is 7864621 prime?
True
Is 10138489 a prime number?
True
Is 12136169 composite?
True
Is 105161557 a prime number?
True
Is 34800621 a prime number?
False
Is 82321 composite?
True
Is 26636513 a composite number?
False
Is 9343723 a composite number?
False
Is 378617399 a composite number?
True
Is 1246181 prime?
True
Is 1703129 prime?
False
Is 252614347 a composite number?
True
Is 3017839 a composite number?
True
Is 1075561 a composite number?
False
Is 136610489 composite?
False
Is 4687581 a prime number?
False
Is 183712411 composite?
False
Is 2983759 prime?
True
Is 3068693 prime?
False
Is 2531593 composite?
False
Is 379034 prime?
False
Is 64007627 composite?
False
Is 4711637 a prime number?
False
Is 11157379 a composite number?
False
Is 2630585 prime?
False
Is 362623559 a composite number?
True
Is 2866069 composite?
False
Is 161943229 a composite number?
True
Is 517551 composite?
True
Is 352407647 prime?
False
Is 47233717 a composite number?
False
Is 1759111 prime?
False
Is 223315471 a composite number?
True
Is 39493063 prime?
False
Is 561019 a prime number?
True
Is 42334859 a composite number?
True
Is 575357 a prime number?
False
Is 2089117 a prime number?
True
Is 4744997 a composite number?
False
Is 2196943 prime?
False
Is 44156179 prime?
True
Is 3372119 a composite number?
False
Is 206383 composite?
False
Is 43257791 prime?
False
Is 25133071 a composite number?
False
Is 81615731 prime?
True
Is 123595673 a prime number?
True
Is 15530881 prime?
True
Is 38428779 a composite number?